{"id":467,"date":"2021-07-05T06:49:45","date_gmt":"2021-07-05T06:49:45","guid":{"rendered":"https:\/\/bahnhofhilfe.ch\/wp\/?page_id=467"},"modified":"2026-01-04T20:11:07","modified_gmt":"2026-01-04T19:11:07","slug":"gare-de-chiasso","status":"publish","type":"page","link":"https:\/\/bahnhofhilfe.ch\/fr\/gare-de-chiasso\/","title":{"rendered":"Gare de Chiasso"},"content":{"rendered":"\n<div class=\"wp-block-columns spalten is-layout-flex wp-container-core-columns-is-layout-9d6595d7 wp-block-columns-is-layout-flex\">\n<div class=\"wp-block-column first is-layout-flow wp-block-column-is-layout-flow\" style=\"flex-basis:28%\">\n<ul class=\"wp-block-list\">\n<li><strong><a href=\"https:\/\/bahnhofhilfe.ch\/fr\/\" data-type=\"page\" data-id=\"223\">Aide \u00e0 la mobilit\u00e9<\/a> &gt; <a href=\"#\">Gare de Chiasso<\/a><\/strong><\/li>\n\n\n\n<li><a href=\"https:\/\/bahnhofhilfe.ch\/fr\/autres-prestations\/\">Autres prestations<\/a><\/li>\n\n\n\n<li><a href=\"https:\/\/bahnhofhilfe.ch\/fr\/sites\/\">Sites<\/a><\/li>\n\n\n\n<li><a href=\"https:\/\/bahnhofhilfe.ch\/fr\/postes-vacantes\/\">Postes vacants<\/a><\/li>\n\n\n\n<li><a href=\"https:\/\/bahnhofhilfe.ch\/fr\/traegerschaft\/\">Organisations porteuses<\/a><\/li>\n\n\n\n<li><a href=\"https:\/\/bahnhofhilfe.ch\/fr\/dons-et-soutien\/\">Dons et soutien<\/a><\/li>\n\n\n\n<li><a href=\"https:\/\/bahnhofhilfe.ch\/fr\/liens\/\">Liens<\/a><\/li>\n<\/ul>\n<\/div>\n\n\n\n<div class=\"wp-block-column is-layout-flow wp-block-column-is-layout-flow\">\n<h1 class=\"wp-block-heading\">SOS Aide en Gare de Chiasso<\/h1>\n\n\n\n<h2 class=\"wp-block-heading\">Prestations<\/h2>\n\n\n\n<ul class=\"wp-block-list\">\n<li>Aide \u00e0 la mobilit\u00e9<\/li>\n\n\n\n<li>Accompagnement<\/li>\n\n\n\n<li>Aide sur place<\/li>\n\n\n\n<li>En cas d&rsquo;urgence, h\u00e9bergement pour la nuit<\/li>\n\n\n\n<li>Espace repos<\/li>\n\n\n\n<li>Espace b\u00e9b\u00e9s<\/li>\n<\/ul>\n\n\n\n<h2 class=\"wp-block-heading\">Ouvert<\/h2>\n\n\n\n<figure class=\"wp-block-table\"><table><tbody><tr><td>Lundi &#8211; vendredi<\/td><td>08.00 &#8211; 12.00<\/td><\/tr><\/tbody><\/table><figcaption class=\"wp-element-caption\">Sur demande aussi hors horaires<\/figcaption><\/figure>\n\n\n\n<h2 class=\"wp-block-heading\">Ferm\u00e9<\/h2>\n\n\n\n<p class=\"sg-popup-id-1122\">Samedi et dimanche et<\/p>\n\n\n\n<div class=\"wp-block-bod-modal-block bod-block-popup align-left\"><a href=\"javascript:void(0)\" style=\"font-size:26px \" class=\"bod-block-popup-trigger type_text\">\u00bb Les jours f\u00e9ri\u00e9s<\/a><div style=\"background-color:rgba(0, 0, 0, 0.1)\" class=\"bod-block-popup-overlay\" data-disabled-overlay-close=\"false\" data-disabled-escape-close=\"false\"><\/div><div role=\"dialog\" aria-modal=\"false\" aria-labelledby=\"\" aria-describedby=\"\" class=\"bod-block-popup-wrap undefined\"><div style=\"background-color:#ffffff;border-radius:10px \" class=\"bod-block-popup size-m\" data-transition=\"fade\"><div id=\"\" style=\"background-color:#ffffff;text-align:left\" class=\"bod-modal-title\"><button type=\"button\" style=\"font-size:22px \" class=\"bod-block-title-closer\" aria-label=\"Close\"><span aria-hidden=\"true\">\u00d7<\/span><\/button><\/div> <div id=\"\" style=\"padding:50px \" class=\"bod-modal-content\">\n<h2 class=\"wp-block-heading\"><strong>Jours de f\u00e9ri\u00e9s 2026<\/strong><\/h2>\n\n\n\n<figure class=\"wp-block-table\"><table><tbody><tr><td>Jour de l&rsquo;an<\/td><td>01 janvier<\/td><\/tr><tr><td>Jour de l&rsquo;an<\/td><td>02 janvier<\/td><\/tr><tr><td>Lundi de P\u00e2ques<\/td><td>06 avril<\/td><\/tr><tr><td>F\u00eate de travail<\/td><td>01 mai<\/td><\/tr><tr><td>Ascension<\/td><td>14 mai<\/td><\/tr><tr><td>Lundi de Pentec\u00f4te<\/td><td>25 mai<\/td><\/tr><tr><td>F\u00eate-Dieu<\/td><td>04 juin<\/td><\/tr><tr><td>F\u00eate nationale<\/td><td>01 ao\u00fbt<\/td><\/tr><tr><td>F\u00eate de l&rsquo;Assomption<\/td><td>15 ao\u00fbt<\/td><\/tr><tr><td>Immacul\u00e9e Conception<\/td><td>08 d\u00e9cembre<\/td><\/tr><tr><td>R\u00e9veillon de No\u00ebl<\/td><td>24 d\u00e9cembre<\/td><\/tr><tr><td>No\u00ebl<\/td><td>25 d\u00e9cembre<\/td><\/tr><tr><td>\ufeff<\/td><td>26 d\u00e9cembre<\/td><\/tr><tr><td>Nouvel an<\/td><td>31 d\u00e9cembre<\/td><\/tr><\/tbody><\/table><\/figure>\n<\/div> <\/div> <\/div><\/div>\n\n\n\n<div style=\"height:30px\" aria-hidden=\"true\" class=\"wp-block-spacer\"><\/div>\n\n\n\n<div class=\"wp-block-bod-modal-block bod-block-popup align-left\"><a href=\"javascript:void(0)\" style=\"font-size:26px \" class=\"bod-block-popup-trigger type_text\">\u00bb \u00c9quipe<\/a><div style=\"background-color:rgba(0, 0, 0, 0.1)\" class=\"bod-block-popup-overlay\" data-disabled-overlay-close=\"false\" data-disabled-escape-close=\"false\"><\/div><div role=\"dialog\" aria-modal=\"false\" aria-labelledby=\"\" aria-describedby=\"\" class=\"bod-block-popup-wrap undefined\"><div style=\"background-color:#ffffff;border-radius:10px \" class=\"bod-block-popup size-l\" data-transition=\"fade\"><div id=\"\" style=\"background-color:#ffffff;text-align:center\" class=\"bod-modal-title\"><button type=\"button\" style=\"font-size:26px \" class=\"bod-block-title-closer\" aria-label=\"Close\"><span aria-hidden=\"true\">\u00d7<\/span><\/button><\/div> <div id=\"\" style=\"padding:30px \" class=\"bod-modal-content\">\n<h1 class=\"wp-block-heading\">Team Chiasso<\/h1>\n\n\n\n<p id=\"block-fd39bd3f-b5df-4942-819a-f08f3d36825a\">Renata Schn\u00fcringer<\/p>\n<\/div> <\/div> <\/div><\/div>\n\n\n\n<p><\/p>\n<\/div>\n\n\n\n<div class=\"wp-block-column is-layout-flow wp-block-column-is-layout-flow\">\n<h2 class=\"wp-block-heading\">Contact<\/h2>\n\n\n\n<figure class=\"wp-block-table\"><table><tbody><tr><td>Mobile<\/td><td>+41 79 505 03 66<\/td><\/tr><\/tbody><\/table><\/figure>\n\n\n\n<p><strong>Pas de commande en ligne possible<\/strong><\/p>\n\n\n\n<p>Contact CFF:<br>Contact Center Handicap<\/p>\n\n\n\n<p>R\u00e9servez la prestation d\u2019assistance souhait\u00e9e au moins une heure avant l\u2019embarquement ou le d\u00e9barquement. Ce d\u00e9lai est de deux heures, si vous avez besoin d\u2019un service de navettes, et de 24 heures pour les voyages internationaux. Pour conna\u00eetre les exceptions, veuillez consulter la carte synoptique pour les personnes \u00e0 mobilit\u00e9 r\u00e9duite.<\/p>\n\n\n\n<figure class=\"wp-block-table\"><table class=\"has-fixed-layout\"><tbody><tr><td>Appel de Suisse<\/td><td>0800 007 102 gratuit<br>(de 5:00 \u00e0 24:00 heures)<\/td><\/tr><tr><td>Appel de l&rsquo;\u00e9tranger<\/td><td>+41 800 007 102<\/td><\/tr><\/tbody><\/table><\/figure>\n\n\n\n<p><a href=\"https:\/\/www.swisspass.ch\/handicap?lang=fr\" data-type=\"link\" data-id=\"https:\/\/www.swisspass.ch\/handicap?lang=fr\">CFF &#8211; Formulaire en ligne<\/a><br><a href=\"http:\/\/www.sbb.ch\/handicap\" data-type=\"link\" data-id=\"www.sbb.ch\/handicap\">www.sbb.ch\/handicap<\/a><\/p>\n<\/div>\n<\/div>\n\n\n\n<p><\/p>\n","protected":false},"excerpt":{"rendered":"<p>SOS Aide en Gare de Chiasso Prestations Ouvert Lundi &#8211; vendredi 08.00 &#8211; 12.00 Sur demande aussi hors horaires Ferm\u00e9 Samedi et dimanche et Contact Mobile +41 79 505 03 66 Pas de commande en ligne possible Contact CFF:Contact Center Handicap R\u00e9servez la prestation d\u2019assistance souhait\u00e9e au moins une heure avant l\u2019embarquement ou le d\u00e9barquement. [&hellip;]<\/p>\n","protected":false},"author":1,"featured_media":0,"parent":0,"menu_order":0,"comment_status":"closed","ping_status":"closed","template":"","meta":{"_genesis_hide_title":true,"_genesis_hide_breadcrumbs":false,"_genesis_hide_singular_image":false,"_genesis_hide_footer_widgets":false,"_genesis_custom_body_class":"","_genesis_custom_post_class":"","_genesis_layout":"","footnotes":""},"class_list":{"0":"post-467","1":"page","2":"type-page","3":"status-publish","5":"entry"},"_links":{"self":[{"href":"https:\/\/bahnhofhilfe.ch\/fr\/wp-json\/wp\/v2\/pages\/467","targetHints":{"allow":["GET"]}}],"collection":[{"href":"https:\/\/bahnhofhilfe.ch\/fr\/wp-json\/wp\/v2\/pages"}],"about":[{"href":"https:\/\/bahnhofhilfe.ch\/fr\/wp-json\/wp\/v2\/types\/page"}],"author":[{"embeddable":true,"href":"https:\/\/bahnhofhilfe.ch\/fr\/wp-json\/wp\/v2\/users\/1"}],"replies":[{"embeddable":true,"href":"https:\/\/bahnhofhilfe.ch\/fr\/wp-json\/wp\/v2\/comments?post=467"}],"version-history":[{"count":2,"href":"https:\/\/bahnhofhilfe.ch\/fr\/wp-json\/wp\/v2\/pages\/467\/revisions"}],"predecessor-version":[{"id":2654,"href":"https:\/\/bahnhofhilfe.ch\/fr\/wp-json\/wp\/v2\/pages\/467\/revisions\/2654"}],"wp:attachment":[{"href":"https:\/\/bahnhofhilfe.ch\/fr\/wp-json\/wp\/v2\/media?parent=467"}],"curies":[{"name":"wp","href":"https:\/\/api.w.org\/{rel}","templated":true}]}}

<div class="wp-block-columns spalten is-layout-flex wp-container-core-columns-is-layout-9d6595d7 wp-block-columns-is-layout-flex">
<div class="wp-block-column first is-layout-flow wp-block-column-is-layout-flow" style="flex-basis:28%">
<ul class="wp-block-list">
<li><strong><a href="https://bahnhofhilfe.ch/fr/" data-type="page" data-id="223">Aide à la mobilité</a> &gt; <a href="#">Gare de Chiasso</a></strong></li>



<li><a href="https://bahnhofhilfe.ch/fr/autres-prestations/">Autres prestations</a></li>



<li><a href="https://bahnhofhilfe.ch/fr/sites/">Sites</a></li>



<li><a href="https://bahnhofhilfe.ch/fr/postes-vacantes/">Postes vacants</a></li>



<li><a href="https://bahnhofhilfe.ch/fr/traegerschaft/">Organisations porteuses</a></li>



<li><a href="https://bahnhofhilfe.ch/fr/dons-et-soutien/">Dons et soutien</a></li>



<li><a href="https://bahnhofhilfe.ch/fr/liens/">Liens</a></li>
</ul>
</div>



<div class="wp-block-column is-layout-flow wp-block-column-is-layout-flow">
<h1 class="wp-block-heading">SOS Aide en Gare de Chiasso</h1>



<h2 class="wp-block-heading">Prestations</h2>



<ul class="wp-block-list">
<li>Aide à la mobilité</li>



<li>Accompagnement</li>



<li>Aide sur place</li>



<li>En cas d&rsquo;urgence, hébergement pour la nuit</li>



<li>Espace repos</li>



<li>Espace bébés</li>
</ul>



<h2 class="wp-block-heading">Ouvert</h2>



<figure class="wp-block-table"><table><tbody><tr><td>Lundi &#8211; vendredi</td><td>08.00 &#8211; 12.00</td></tr></tbody></table><figcaption class="wp-element-caption">Sur demande aussi hors horaires</figcaption></figure>



<h2 class="wp-block-heading">Fermé</h2>



<p class="sg-popup-id-1122">Samedi et dimanche et</p>



<div class="wp-block-bod-modal-block bod-block-popup align-left"><a href="javascript:void(0)" style="font-size:26px " class="bod-block-popup-trigger type_text">» Les jours fériés</a><div style="background-color:rgba(0, 0, 0, 0.1)" class="bod-block-popup-overlay" data-disabled-overlay-close="false" data-disabled-escape-close="false"></div><div role="dialog" aria-modal="false" aria-labelledby="" aria-describedby="" class="bod-block-popup-wrap undefined"><div style="background-color:#ffffff;border-radius:10px " class="bod-block-popup size-m" data-transition="fade"><div id="" style="background-color:#ffffff;text-align:left" class="bod-modal-title"><button type="button" style="font-size:22px " class="bod-block-title-closer" aria-label="Close"><span aria-hidden="true">×</span></button></div> <div id="" style="padding:50px " class="bod-modal-content">
<h2 class="wp-block-heading"><strong>Jours de fériés 2026</strong></h2>



<figure class="wp-block-table"><table><tbody><tr><td>Jour de l&rsquo;an</td><td>01 janvier</td></tr><tr><td>Jour de l&rsquo;an</td><td>02 janvier</td></tr><tr><td>Lundi de Pâques</td><td>06 avril</td></tr><tr><td>Fête de travail</td><td>01 mai</td></tr><tr><td>Ascension</td><td>14 mai</td></tr><tr><td>Lundi de Pentecôte</td><td>25 mai</td></tr><tr><td>Fête-Dieu</td><td>04 juin</td></tr><tr><td>Fête nationale</td><td>01 août</td></tr><tr><td>Fête de l&rsquo;Assomption</td><td>15 août</td></tr><tr><td>Immaculée Conception</td><td>08 décembre</td></tr><tr><td>Réveillon de Noël</td><td>24 décembre</td></tr><tr><td>Noël</td><td>25 décembre</td></tr><tr><td>﻿</td><td>26 décembre</td></tr><tr><td>Nouvel an</td><td>31 décembre</td></tr></tbody></table></figure>
</div> </div> </div></div>



<div style="height:30px" aria-hidden="true" class="wp-block-spacer"></div>



<div class="wp-block-bod-modal-block bod-block-popup align-left"><a href="javascript:void(0)" style="font-size:26px " class="bod-block-popup-trigger type_text">» Équipe</a><div style="background-color:rgba(0, 0, 0, 0.1)" class="bod-block-popup-overlay" data-disabled-overlay-close="false" data-disabled-escape-close="false"></div><div role="dialog" aria-modal="false" aria-labelledby="" aria-describedby="" class="bod-block-popup-wrap undefined"><div style="background-color:#ffffff;border-radius:10px " class="bod-block-popup size-l" data-transition="fade"><div id="" style="background-color:#ffffff;text-align:center" class="bod-modal-title"><button type="button" style="font-size:26px " class="bod-block-title-closer" aria-label="Close"><span aria-hidden="true">×</span></button></div> <div id="" style="padding:30px " class="bod-modal-content">
<h1 class="wp-block-heading">Team Chiasso</h1>



<p id="block-fd39bd3f-b5df-4942-819a-f08f3d36825a">Renata Schnüringer</p>
</div> </div> </div></div>



<p></p>
</div>



<div class="wp-block-column is-layout-flow wp-block-column-is-layout-flow">
<h2 class="wp-block-heading">Contact</h2>



<figure class="wp-block-table"><table><tbody><tr><td>Mobile</td><td>+41 79 505 03 66</td></tr></tbody></table></figure>



<p><strong>Pas de commande en ligne possible</strong></p>



<p>Contact CFF:<br>Contact Center Handicap</p>



<p>Réservez la prestation d’assistance souhaitée au moins une heure avant l’embarquement ou le débarquement. Ce délai est de deux heures, si vous avez besoin d’un service de navettes, et de 24 heures pour les voyages internationaux. Pour connaître les exceptions, veuillez consulter la carte synoptique pour les personnes à mobilité réduite.</p>



<figure class="wp-block-table"><table class="has-fixed-layout"><tbody><tr><td>Appel de Suisse</td><td>0800 007 102 gratuit<br>(de 5:00 à 24:00 heures)</td></tr><tr><td>Appel de l&rsquo;étranger</td><td>+41 800 007 102</td></tr></tbody></table></figure>



<p><a href="https://www.swisspass.ch/handicap?lang=fr" data-type="link" data-id="https://www.swisspass.ch/handicap?lang=fr">CFF &#8211; Formulaire en ligne</a><br><a href="http://www.sbb.ch/handicap" data-type="link" data-id="www.sbb.ch/handicap">www.sbb.ch/handicap</a></p>
</div>
</div>



<p></p>

<p>SOS Aide en Gare de Chiasso Prestations Ouvert Lundi &#8211; vendredi 08.00 &#8211; 12.00 Sur demande aussi hors horaires Fermé Samedi et dimanche et Contact Mobile +41 79 505 03 66 Pas de commande en ligne possible Contact CFF:Contact Center Handicap Réservez la prestation d’assistance souhaitée au moins une heure avant l’embarquement ou le débarquement. [&hellip;]</p>
